{"id":2083,"date":"2016-08-30T13:21:26","date_gmt":"2016-08-30T16:21:26","guid":{"rendered":"http:\/\/zimm-motos.com.br\/portal\/produto\/parafuso-de-fixacao-do-braco-auxiliar-do-link-husqvarna-wr-2001-2007\/"},"modified":"2019-04-30T00:00:17","modified_gmt":"2019-04-30T03:00:17","slug":"parafuso-de-fixacao-do-braco-auxiliar-do-link-husqvarna-wr-2001-2007","status":"publish","type":"product","link":"https:\/\/zimm-motos.com.br\/portal\/loja\/parafuso-de-fixacao-do-braco-auxiliar-do-link-husqvarna-wr-2001-2007\/","title":{"rendered":"Parafuso de fixa\u00e7\u00e3o do bra\u00e7o auxiliar do link Husqvarna WR 2001-2007"},"content":{"rendered":"<p style=\"text-align: center;\"><strong><span style=\"font-size: 10pt; font-family: verdana, geneva;\">Parafuso de fixa\u00e7\u00e3o do bra\u00e7o auxiliar do link Husqvarna<\/span><\/strong><\/p>\n<p style=\"text-align: center;\"><strong><span style=\"font-size: 10pt; font-family: verdana, geneva;\">WR 125 2004-2007<\/span><\/strong><\/p>\n<p style=\"text-align: center;\"><strong><span style=\"font-size: 10pt; font-family: verdana, geneva;\">WR 250 2001-2004<\/span><\/strong><\/p>\n<p style=\"text-align: center;\"><strong><span style=\"font-size: 10pt; font-family: verdana, geneva;\">WR 360 2001-2002<\/span><\/strong><\/p>\n","protected":false},"excerpt":{"rendered":"<p style=\"text-align: center;\"><img decoding=\"async\" class=\"size-full wp-image-2429 aligncenter\" src=\"http:\/\/zimm-motos.com.br\/portal\/wp-content\/uploads\/2017\/07\/Husqvarna.gif\" alt=\"\" width=\"200\" height=\"67\" \/><img decoding=\"async\" src=\"http:\/\/www.zimm-motos.com.br\/loja\/img\/cms\/HVA.gif\" alt=\"\" width=\"50\" height=\"36\" \/><\/p>\n<p style=\"text-align: center;\"><span style=\"color: #0000ff; font-family: verdana, geneva, sans-serif;\"><strong><span style=\"font-size: 8pt;\">Item #14 da ilustra\u00e7\u00e3o<\/span><\/strong><\/span><\/p>\n","protected":false},"featured_media":2082,"comment_status":"open","ping_status":"closed","template":"","meta":{"nf_dc_page":"","_crdt_document":"","om_disable_all_campaigns":false,"_monsterinsights_skip_tracking":false,"_monsterinsights_sitenote_active":false,"_monsterinsights_sitenote_note":"","_monsterinsights_sitenote_category":0,"jetpack_publicize_message":"","jetpack_publicize_feature_enabled":true,"jetpack_social_post_already_shared":true,"jetpack_social_options":{"image_generator_settings":{"template":"highway","default_image_id":0,"font":"","enabled":false},"version":2}},"product_brand":[],"product_cat":[90,24,62],"product_tag":[144],"class_list":{"0":"post-2083","1":"product","2":"type-product","3":"status-publish","4":"has-post-thumbnail","6":"product_cat-garfo-traseiro","7":"product_cat-pcshusq","8":"product_cat-suspensao","9":"product_tag-link","11":"first","12":"instock","13":"taxable","14":"shipping-taxable","15":"purchasable","16":"product-type-simple"},"jetpack_publicize_connections":[],"jetpack_likes_enabled":true,"jetpack_sharing_enabled":true,"_links":{"self":[{"href":"https:\/\/zimm-motos.com.br\/portal\/wp-json\/wp\/v2\/product\/2083","targetHints":{"allow":["GET"]}}],"collection":[{"href":"https:\/\/zimm-motos.com.br\/portal\/wp-json\/wp\/v2\/product"}],"about":[{"href":"https:\/\/zimm-motos.com.br\/portal\/wp-json\/wp\/v2\/types\/product"}],"replies":[{"embeddable":true,"href":"https:\/\/zimm-motos.com.br\/portal\/wp-json\/wp\/v2\/comments?post=2083"}],"version-history":[{"count":0,"href":"https:\/\/zimm-motos.com.br\/portal\/wp-json\/wp\/v2\/product\/2083\/revisions"}],"wp:featuredmedia":[{"embeddable":true,"href":"https:\/\/zimm-motos.com.br\/portal\/wp-json\/wp\/v2\/media\/2082"}],"wp:attachment":[{"href":"https:\/\/zimm-motos.com.br\/portal\/wp-json\/wp\/v2\/media?parent=2083"}],"wp:term":[{"taxonomy":"product_brand","embeddable":true,"href":"https:\/\/zimm-motos.com.br\/portal\/wp-json\/wp\/v2\/product_brand?post=2083"},{"taxonomy":"product_cat","embeddable":true,"href":"https:\/\/zimm-motos.com.br\/portal\/wp-json\/wp\/v2\/product_cat?post=2083"},{"taxonomy":"product_tag","embeddable":true,"href":"https:\/\/zimm-motos.com.br\/portal\/wp-json\/wp\/v2\/product_tag?post=2083"}],"curies":[{"name":"wp","href":"https:\/\/api.w.org\/{rel}","templated":true}]}}

Parafuso de fixação do braço auxiliar do link Husqvarna WR 2001-2007

<p style="text-align: center;"><strong><span style="font-size: 10pt; font-family: verdana, geneva;">Parafuso de fixação do braço auxiliar do link Husqvarna</span></strong></p>
<p style="text-align: center;"><strong><span style="font-size: 10pt; font-family: verdana, geneva;">WR 125 2004-2007</span></strong></p>
<p style="text-align: center;"><strong><span style="font-size: 10pt; font-family: verdana, geneva;">WR 250 2001-2004</span></strong></p>
<p style="text-align: center;"><strong><span style="font-size: 10pt; font-family: verdana, geneva;">WR 360 2001-2002</span></strong></p>

<p style="text-align: center;"><img decoding="async" class="size-full wp-image-2429 aligncenter" src="http://zimm-motos.com.br/portal/wp-content/uploads/2017/07/Husqvarna.gif" alt="" width="200" height="67" /><img decoding="async" src="http://www.zimm-motos.com.br/loja/img/cms/HVA.gif" alt="" width="50" height="36" /></p>
<p style="text-align: center;"><span style="color: #0000ff; font-family: verdana, geneva, sans-serif;"><strong><span style="font-size: 8pt;">Item #14 da ilustração</span></strong></span></p>
