{"id":2209,"date":"2017-05-06T08:57:15","date_gmt":"2017-05-06T11:57:15","guid":{"rendered":"http:\/\/zimm-motos.com.br\/portal\/produto\/porca-rapida-de-fixacao-do-protetor-lateral-do-radiador-wr1994-2007\/"},"modified":"2025-07-07T09:43:01","modified_gmt":"2025-07-07T12:43:01","slug":"porca-rapida-de-fixacao-do-protetor-lateral-do-radiador-wr1994-2007","status":"publish","type":"product","link":"https:\/\/zimm-motos.com.br\/portal\/loja\/porca-rapida-de-fixacao-do-protetor-lateral-do-radiador-wr1994-2007\/","title":{"rendered":"Porca r\u00e1pida de fixa\u00e7\u00e3o do protetor lateral do radiador WR 1994-2007"},"content":{"rendered":"<p style=\"text-align: center;\"><span style=\"font-size: 12pt; color: #0000ff;\"><strong><span style=\"font-family: verdana, geneva;\">Porca r\u00e1pida de fixa\u00e7\u00e3o do protetor do radiador Husqvarna<\/span><\/strong><\/span><\/p>\n<p style=\"text-align: center;\"><span style=\"font-size: 12pt; color: #0000ff;\"><strong><span style=\"font-family: verdana, geneva;\">WR 125 2000-2007<\/span><\/strong><\/span><\/p>\n<p style=\"text-align: center;\"><span style=\"font-size: 12pt; color: #0000ff;\"><strong><span style=\"font-family: verdana, geneva;\">WR 250 1994-2004<\/span><\/strong><\/span><\/p>\n<p style=\"text-align: center;\"><span style=\"font-size: 12pt; color: #0000ff;\"><strong><span style=\"font-family: verdana, geneva;\">WR 360 1994-2002<\/span><\/strong><\/span><\/p>\n","protected":false},"excerpt":{"rendered":"<p style=\"text-align: center;\"><img decoding=\"async\" class=\"alignnone size-full wp-image-2678\" src=\"https:\/\/zimm-motos.com.br\/portal\/wp-content\/uploads\/2017\/10\/SWM.gif\" alt=\"\" width=\"200\" height=\"115\" \/><\/p>\n","protected":false},"featured_media":2208,"comment_status":"open","ping_status":"closed","template":"","meta":{"nf_dc_page":"","_crdt_document":"","om_disable_all_campaigns":false,"_monsterinsights_skip_tracking":false,"_monsterinsights_sitenote_active":false,"_monsterinsights_sitenote_note":"","_monsterinsights_sitenote_category":0,"jetpack_publicize_message":"","jetpack_publicize_feature_enabled":true,"jetpack_social_post_already_shared":true,"jetpack_social_options":{"image_generator_settings":{"template":"highway","default_image_id":0,"font":"","enabled":false},"version":2}},"product_brand":[],"product_cat":[24,73,47],"product_tag":[482,203],"class_list":{"0":"post-2209","1":"product","2":"type-product","3":"status-publish","4":"has-post-thumbnail","6":"product_cat-pcshusq","7":"product_cat-radiador","8":"product_cat-refrigeracao","9":"product_tag-porca-mola","10":"product_tag-radiador","12":"first","13":"instock","14":"taxable","15":"shipping-taxable","16":"purchasable","17":"product-type-simple"},"jetpack_publicize_connections":[],"jetpack_likes_enabled":true,"jetpack_sharing_enabled":true,"_links":{"self":[{"href":"https:\/\/zimm-motos.com.br\/portal\/wp-json\/wp\/v2\/product\/2209","targetHints":{"allow":["GET"]}}],"collection":[{"href":"https:\/\/zimm-motos.com.br\/portal\/wp-json\/wp\/v2\/product"}],"about":[{"href":"https:\/\/zimm-motos.com.br\/portal\/wp-json\/wp\/v2\/types\/product"}],"replies":[{"embeddable":true,"href":"https:\/\/zimm-motos.com.br\/portal\/wp-json\/wp\/v2\/comments?post=2209"}],"version-history":[{"count":2,"href":"https:\/\/zimm-motos.com.br\/portal\/wp-json\/wp\/v2\/product\/2209\/revisions"}],"predecessor-version":[{"id":23502,"href":"https:\/\/zimm-motos.com.br\/portal\/wp-json\/wp\/v2\/product\/2209\/revisions\/23502"}],"wp:featuredmedia":[{"embeddable":true,"href":"https:\/\/zimm-motos.com.br\/portal\/wp-json\/wp\/v2\/media\/2208"}],"wp:attachment":[{"href":"https:\/\/zimm-motos.com.br\/portal\/wp-json\/wp\/v2\/media?parent=2209"}],"wp:term":[{"taxonomy":"product_brand","embeddable":true,"href":"https:\/\/zimm-motos.com.br\/portal\/wp-json\/wp\/v2\/product_brand?post=2209"},{"taxonomy":"product_cat","embeddable":true,"href":"https:\/\/zimm-motos.com.br\/portal\/wp-json\/wp\/v2\/product_cat?post=2209"},{"taxonomy":"product_tag","embeddable":true,"href":"https:\/\/zimm-motos.com.br\/portal\/wp-json\/wp\/v2\/product_tag?post=2209"}],"curies":[{"name":"wp","href":"https:\/\/api.w.org\/{rel}","templated":true}]}}

Porca rápida de fixação do protetor lateral do radiador WR 1994-2007

<p style="text-align: center;"><span style="font-size: 12pt; color: #0000ff;"><strong><span style="font-family: verdana, geneva;">Porca rápida de fixação do protetor do radiador Husqvarna</span></strong></span></p>
<p style="text-align: center;"><span style="font-size: 12pt; color: #0000ff;"><strong><span style="font-family: verdana, geneva;">WR 125 2000-2007</span></strong></span></p>
<p style="text-align: center;"><span style="font-size: 12pt; color: #0000ff;"><strong><span style="font-family: verdana, geneva;">WR 250 1994-2004</span></strong></span></p>
<p style="text-align: center;"><span style="font-size: 12pt; color: #0000ff;"><strong><span style="font-family: verdana, geneva;">WR 360 1994-2002</span></strong></span></p>
