{"id":23267,"date":"2023-02-06T16:17:32","date_gmt":"2023-02-06T19:17:32","guid":{"rendered":"https:\/\/zimm-motos.com.br\/portal\/?post_type=product&#038;p=23267"},"modified":"2025-03-07T13:40:21","modified_gmt":"2025-03-07T16:40:21","slug":"biela-namura-husqvarna-wr-360-1994-2002","status":"publish","type":"product","link":"https:\/\/zimm-motos.com.br\/portal\/loja\/biela-namura-husqvarna-wr-360-1994-2002\/","title":{"rendered":"Biela Namura Husqvarna WR 360 1994-2002"},"content":{"rendered":"<p style=\"text-align: center;\"><strong><span style=\"font-family: verdana, geneva, sans-serif; color: #0000ff;\">Biela Namura Husqvarna WR 360 1994-2002 <\/span><\/strong><\/p>\n<p style=\"text-align: center;\"><strong><span style=\"font-family: verdana, geneva, sans-serif; color: #0000ff;\">Biela forjada a partir de a\u00e7o Cromo-Molibd\u00eanio,\u00a0<\/span><\/strong><span style=\"color: #0000ff;\"><strong><span class=\"Y2IQFc\" lang=\"pt\" style=\"font-family: verdana, geneva, sans-serif;\">com brunimento duplo nos orif\u00edcios do mancal superior e inferior para opera\u00e7\u00e3o suave e maior vida \u00fatil do mancal<\/span><\/strong><\/span><\/p>\n<p style=\"text-align: center;\"><strong><span class=\"Y2IQFc\" lang=\"pt\" style=\"color: #0000ff; font-family: verdana, geneva, sans-serif;\">Cal\u00e7os laterais revestidas de zinco com pino de a\u00e7o cromoly SCM415<\/span><\/strong><\/p>\n<p style=\"text-align: center;\"><strong><span style=\"font-family: verdana, geneva, sans-serif; color: #0000ff;\">Rolamentos\u00a0 de agulha\u00a0 revestido de prata com roletes <span class=\"Y2IQFc\" lang=\"pt\" style=\"color: #0000ff; font-family: verdana, geneva, sans-serif;\">cromoly SCM415\u00a0<\/span><\/span><\/strong><\/p>\n<p style=\"text-align: center;\"><span style=\"font-family: verdana, geneva, sans-serif; color: #0000ff;\"><strong><span class=\"Y2IQFc\" lang=\"pt\">para maior resist\u00eancia ao calor e lubricidade<\/span><\/strong><\/span><\/p>\n","protected":false},"excerpt":{"rendered":"<p style=\"text-align: center;\"><img decoding=\"async\" class=\"alignnone size-full wp-image-23269\" src=\"https:\/\/zimm-motos.com.br\/portal\/wp-content\/uploads\/2023\/02\/Namura.jpg\" alt=\"\" width=\"300\" height=\"89\" \/><\/p>\n<p style=\"text-align: center;\"><span style=\"color: #0000ff;\"><strong><span style=\"font-family: verdana, geneva, sans-serif;\">Sob encomenda, prazo m\u00e9dio 45 dias uteis para entrega, prazo m\u00e9dio<br \/>\n<\/span><\/strong><\/span><\/p>\n<p style=\"text-align: center;\"><span style=\"color: #0000ff;\"><strong><span style=\"font-family: verdana, geneva, sans-serif;\">Fotografia meramente ilustrativa<\/span><\/strong><\/span><\/p>\n","protected":false},"featured_media":23268,"comment_status":"open","ping_status":"closed","template":"","meta":{"nf_dc_page":"","_crdt_document":"","om_disable_all_campaigns":false,"_monsterinsights_skip_tracking":false,"_monsterinsights_sitenote_active":false,"_monsterinsights_sitenote_note":"","_monsterinsights_sitenote_category":0,"jetpack_publicize_message":"","jetpack_publicize_feature_enabled":true,"jetpack_social_post_already_shared":true,"jetpack_social_options":{"image_generator_settings":{"template":"highway","default_image_id":0,"font":"","enabled":false},"version":2}},"product_brand":[],"product_cat":[117,24,40],"product_tag":[195,233],"class_list":{"0":"post-23267","1":"product","2":"type-product","3":"status-publish","4":"has-post-thumbnail","6":"product_cat-biela","7":"product_cat-pcshusq","8":"product_cat-motor-pcshusq","9":"product_tag-biela","10":"product_tag-wr-360","12":"first","13":"onbackorder","14":"taxable","15":"shipping-taxable","16":"purchasable","17":"product-type-simple"},"jetpack_publicize_connections":[],"jetpack_likes_enabled":true,"jetpack_sharing_enabled":true,"_links":{"self":[{"href":"https:\/\/zimm-motos.com.br\/portal\/wp-json\/wp\/v2\/product\/23267","targetHints":{"allow":["GET"]}}],"collection":[{"href":"https:\/\/zimm-motos.com.br\/portal\/wp-json\/wp\/v2\/product"}],"about":[{"href":"https:\/\/zimm-motos.com.br\/portal\/wp-json\/wp\/v2\/types\/product"}],"replies":[{"embeddable":true,"href":"https:\/\/zimm-motos.com.br\/portal\/wp-json\/wp\/v2\/comments?post=23267"}],"version-history":[{"count":2,"href":"https:\/\/zimm-motos.com.br\/portal\/wp-json\/wp\/v2\/product\/23267\/revisions"}],"predecessor-version":[{"id":23453,"href":"https:\/\/zimm-motos.com.br\/portal\/wp-json\/wp\/v2\/product\/23267\/revisions\/23453"}],"wp:featuredmedia":[{"embeddable":true,"href":"https:\/\/zimm-motos.com.br\/portal\/wp-json\/wp\/v2\/media\/23268"}],"wp:attachment":[{"href":"https:\/\/zimm-motos.com.br\/portal\/wp-json\/wp\/v2\/media?parent=23267"}],"wp:term":[{"taxonomy":"product_brand","embeddable":true,"href":"https:\/\/zimm-motos.com.br\/portal\/wp-json\/wp\/v2\/product_brand?post=23267"},{"taxonomy":"product_cat","embeddable":true,"href":"https:\/\/zimm-motos.com.br\/portal\/wp-json\/wp\/v2\/product_cat?post=23267"},{"taxonomy":"product_tag","embeddable":true,"href":"https:\/\/zimm-motos.com.br\/portal\/wp-json\/wp\/v2\/product_tag?post=23267"}],"curies":[{"name":"wp","href":"https:\/\/api.w.org\/{rel}","templated":true}]}}