{"id":515,"date":"2011-08-29T15:23:42","date_gmt":"2011-08-29T18:23:42","guid":{"rendered":"http:\/\/zimm-motos.com.br\/portal\/produto\/anel-de-vedacao-do-bujao-do-carter-husqvarna-te-2\/"},"modified":"2022-03-01T00:00:25","modified_gmt":"2022-03-01T03:00:25","slug":"anel-de-vedacao-do-bujao-do-carter-husqvarna-te-2000-2002","status":"publish","type":"product","link":"https:\/\/zimm-motos.com.br\/portal\/loja\/anel-de-vedacao-do-bujao-do-carter-husqvarna-te-2000-2002\/","title":{"rendered":"Anel de veda\u00e7\u00e3o do buj\u00e3o do carter Husqvarna TE 2000-2004"},"content":{"rendered":"<p><!--?xml version=\"1.0\" encoding=\"utf-8\"?--><\/p>\n<p style=\"text-align: center;\"><span style=\"font-family: verdana, geneva, sans-serif; color: #0000ff; font-size: 12pt;\"><strong>Anel de veda\u00e7\u00e3o do buj\u00e3o do carter Husqvarna TE<\/strong><\/span><\/p>\n<p align=\"center\"><span style=\"font-family: verdana, geneva, sans-serif; color: #0000ff; font-size: 12pt;\"><strong style=\"line-height: 1.5em; text-align: left;\">\u00a0410-610 2000<\/strong><\/span><\/p>\n<p align=\"center\"><span style=\"font-family: verdana, geneva, sans-serif; color: #0000ff; font-size: 12pt;\"><strong>TE\u00a0400 \u00a0 2002<\/strong><\/span><\/p>\n<p align=\"center\"><span style=\"font-family: verdana, geneva, sans-serif; color: #0000ff; font-size: 12pt;\"><strong>TE 570 2002-2004<\/strong>\u00a0<\/span><\/p>\n<p align=\"center\">\n","protected":false},"excerpt":{"rendered":"<p style=\"text-align: center;\"><img decoding=\"async\" class=\"size-full wp-image-2429 aligncenter\" src=\"http:\/\/zimm-motos.com.br\/portal\/wp-content\/uploads\/2017\/07\/Husqvarna.gif\" alt=\"\" width=\"200\" height=\"67\" \/><\/p>\n<p style=\"text-align: center;\"><span style=\"font-family: verdana, geneva, sans-serif; font-size: 12pt;\"><strong><span style=\"color: #0000ff;\">Dimens\u00f5es 28&#215;22,3&#215;1<\/span><\/strong><\/span><\/p>\n","protected":false},"featured_media":514,"comment_status":"open","ping_status":"closed","template":"","meta":{"nf_dc_page":"","_crdt_document":"","om_disable_all_campaigns":false,"_monsterinsights_skip_tracking":false,"_monsterinsights_sitenote_active":false,"_monsterinsights_sitenote_note":"","_monsterinsights_sitenote_category":0,"jetpack_publicize_message":"","jetpack_publicize_feature_enabled":true,"jetpack_social_post_already_shared":true,"jetpack_social_options":{"image_generator_settings":{"template":"highway","default_image_id":0,"font":"","enabled":false},"version":2}},"product_brand":[],"product_cat":[24,75,42],"product_tag":[208,361,329],"class_list":{"0":"post-515","1":"product","2":"type-product","3":"status-publish","4":"has-post-thumbnail","6":"product_cat-pcshusq","7":"product_cat-juntas","8":"product_cat-motor-4t","9":"product_tag-bujao","10":"product_tag-te-400","11":"product_tag-te-570","13":"first","14":"instock","15":"taxable","16":"shipping-taxable","17":"purchasable","18":"product-type-simple"},"jetpack_publicize_connections":[],"jetpack_likes_enabled":true,"jetpack_sharing_enabled":true,"_links":{"self":[{"href":"https:\/\/zimm-motos.com.br\/portal\/wp-json\/wp\/v2\/product\/515","targetHints":{"allow":["GET"]}}],"collection":[{"href":"https:\/\/zimm-motos.com.br\/portal\/wp-json\/wp\/v2\/product"}],"about":[{"href":"https:\/\/zimm-motos.com.br\/portal\/wp-json\/wp\/v2\/types\/product"}],"replies":[{"embeddable":true,"href":"https:\/\/zimm-motos.com.br\/portal\/wp-json\/wp\/v2\/comments?post=515"}],"version-history":[{"count":1,"href":"https:\/\/zimm-motos.com.br\/portal\/wp-json\/wp\/v2\/product\/515\/revisions"}],"predecessor-version":[{"id":2869,"href":"https:\/\/zimm-motos.com.br\/portal\/wp-json\/wp\/v2\/product\/515\/revisions\/2869"}],"wp:featuredmedia":[{"embeddable":true,"href":"https:\/\/zimm-motos.com.br\/portal\/wp-json\/wp\/v2\/media\/514"}],"wp:attachment":[{"href":"https:\/\/zimm-motos.com.br\/portal\/wp-json\/wp\/v2\/media?parent=515"}],"wp:term":[{"taxonomy":"product_brand","embeddable":true,"href":"https:\/\/zimm-motos.com.br\/portal\/wp-json\/wp\/v2\/product_brand?post=515"},{"taxonomy":"product_cat","embeddable":true,"href":"https:\/\/zimm-motos.com.br\/portal\/wp-json\/wp\/v2\/product_cat?post=515"},{"taxonomy":"product_tag","embeddable":true,"href":"https:\/\/zimm-motos.com.br\/portal\/wp-json\/wp\/v2\/product_tag?post=515"}],"curies":[{"name":"wp","href":"https:\/\/api.w.org\/{rel}","templated":true}]}}