{"id":751,"date":"2012-10-20T11:45:39","date_gmt":"2012-10-20T14:45:39","guid":{"rendered":"http:\/\/zimm-motos.com.br\/portal\/produto\/parafusos-m6-husqvarna-2\/"},"modified":"2021-10-11T08:32:29","modified_gmt":"2021-10-11T11:32:29","slug":"parafuso-m6-x-30-husqvarna","status":"publish","type":"product","link":"https:\/\/zimm-motos.com.br\/portal\/loja\/parafuso-m6-x-30-husqvarna\/","title":{"rendered":"Parafuso M6 X 30 Husqvarna"},"content":{"rendered":"<p dir=\"ltr\" style=\"margin-right: 0px;\" align=\"center\"><span style=\"font-size: 12pt; color: #0000ff;\"><span style=\"font-family: Verdana, Arial, Helvetica, sans-serif;\"><strong>Parafuso M6 <\/strong><\/span><strong><span style=\"font-family: Verdana;\">Husqvarna<\/span><\/strong><\/span><\/p>\n<p dir=\"ltr\" style=\"margin-right: 0px;\" align=\"center\"><span style=\"font-size: 12pt; color: #0000ff;\"><strong><span style=\"font-family: Verdana;\">Sextavado M8 flangeado<\/span><\/strong><\/span><\/p>\n<p dir=\"ltr\" style=\"margin-right: 0px;\" align=\"center\"><span style=\"font-size: 12pt; color: #0000ff;\"><strong><span style=\"font-family: Verdana;\">Linha WR &#8211; TE<\/span><\/strong><\/span><\/p>\n<p dir=\"ltr\" style=\"margin-right: 0px;\" align=\"center\"><span style=\"font-size: 12pt; color: #0000ff;\"><strong><span style=\"font-family: Verdana;\">Aplica\u00e7\u00e3o: <\/span><\/strong><\/span><\/p>\n<p dir=\"ltr\" style=\"margin-right: 0px;\" align=\"center\"><span style=\"font-size: 12pt; color: #0000ff;\"><strong><span style=\"font-family: Verdana;\">-Fixa\u00e7\u00e3o da ponteira do escapamento WR<\/span><\/strong><\/span><\/p>\n<p dir=\"ltr\" style=\"margin-right: 0px;\" align=\"center\"><span style=\"font-size: 12pt; color: #0000ff;\"><strong><span style=\"font-family: Verdana;\">-Tampa do rotor TE 400 &#8211; 410 &#8211; 570 &#8211; 610<\/span><\/strong><\/span><\/p>\n<p dir=\"ltr\" style=\"margin-right: 0px;\" align=\"center\"><span style=\"font-size: 12pt; color: #0000ff;\"><strong><span style=\"font-family: Verdana;\">-Fixa\u00e7\u00e3o do protetor do filtro de \u00f3leo TE 250 &#8211; 310 &#8211; 450 &#8211; 510<\/span><\/strong><\/span><\/p>\n<p dir=\"ltr\" style=\"margin-right: 0px;\" align=\"center\"><span style=\"font-size: 12pt; color: #0000ff;\"><strong><span style=\"font-family: Verdana;\">1994 a\u00a02010<\/span><\/strong><\/span><\/p>\n<p dir=\"ltr\" style=\"margin-right: 0px;\" align=\"center\"><span style=\"font-size: 12pt; color: #0000ff;\"><strong><span style=\"font-family: Verdana;\">Tamanho M6 X 30<\/span><\/strong><\/span><\/p>\n<p dir=\"ltr\" style=\"margin-right: 0px;\" align=\"center\"><span style=\"font-family: Verdana, Arial, Helvetica, sans-serif; color: #000000; font-size: 10pt;\"><strong>\u00a0<\/strong><\/span><\/p>\n","protected":false},"excerpt":{"rendered":"<p style=\"text-align: center;\"><span style=\"font-size: 8pt;\"><img decoding=\"async\" class=\"size-full wp-image-2429 aligncenter\" src=\"https:\/\/zimm-motos.com.br\/portal\/wp-content\/uploads\/2017\/07\/Husqvarna.gif\" alt=\"\" width=\"200\" height=\"67\" \/><br \/>\n<\/span><\/p>\n","protected":false},"featured_media":750,"comment_status":"open","ping_status":"closed","template":"","meta":{"nf_dc_page":"","_crdt_document":"","om_disable_all_campaigns":false,"_monsterinsights_skip_tracking":false,"_monsterinsights_sitenote_active":false,"_monsterinsights_sitenote_note":"","_monsterinsights_sitenote_category":0,"jetpack_publicize_message":"","jetpack_publicize_feature_enabled":true,"jetpack_social_post_already_shared":true,"jetpack_social_options":{"image_generator_settings":{"template":"highway","default_image_id":0,"font":"","enabled":false},"version":2}},"product_brand":[],"product_cat":[49,24,80],"product_tag":[186,256],"class_list":{"0":"post-751","1":"product","2":"type-product","3":"status-publish","4":"has-post-thumbnail","6":"product_cat-escapamento","7":"product_cat-pcshusq","8":"product_cat-parafusos-porcas-casquilhos","9":"product_tag-parafuso","10":"product_tag-ponteira","12":"first","13":"instock","14":"taxable","15":"shipping-taxable","16":"purchasable","17":"product-type-simple"},"jetpack_publicize_connections":[],"jetpack_likes_enabled":true,"jetpack_sharing_enabled":true,"_links":{"self":[{"href":"https:\/\/zimm-motos.com.br\/portal\/wp-json\/wp\/v2\/product\/751","targetHints":{"allow":["GET"]}}],"collection":[{"href":"https:\/\/zimm-motos.com.br\/portal\/wp-json\/wp\/v2\/product"}],"about":[{"href":"https:\/\/zimm-motos.com.br\/portal\/wp-json\/wp\/v2\/types\/product"}],"replies":[{"embeddable":true,"href":"https:\/\/zimm-motos.com.br\/portal\/wp-json\/wp\/v2\/comments?post=751"}],"version-history":[{"count":1,"href":"https:\/\/zimm-motos.com.br\/portal\/wp-json\/wp\/v2\/product\/751\/revisions"}],"predecessor-version":[{"id":23010,"href":"https:\/\/zimm-motos.com.br\/portal\/wp-json\/wp\/v2\/product\/751\/revisions\/23010"}],"wp:featuredmedia":[{"embeddable":true,"href":"https:\/\/zimm-motos.com.br\/portal\/wp-json\/wp\/v2\/media\/750"}],"wp:attachment":[{"href":"https:\/\/zimm-motos.com.br\/portal\/wp-json\/wp\/v2\/media?parent=751"}],"wp:term":[{"taxonomy":"product_brand","embeddable":true,"href":"https:\/\/zimm-motos.com.br\/portal\/wp-json\/wp\/v2\/product_brand?post=751"},{"taxonomy":"product_cat","embeddable":true,"href":"https:\/\/zimm-motos.com.br\/portal\/wp-json\/wp\/v2\/product_cat?post=751"},{"taxonomy":"product_tag","embeddable":true,"href":"https:\/\/zimm-motos.com.br\/portal\/wp-json\/wp\/v2\/product_tag?post=751"}],"curies":[{"name":"wp","href":"https:\/\/api.w.org\/{rel}","templated":true}]}}